t the prime factors of 53959206.
2, 3, 7, 257, 4999
What are the prime factors of 637790520?
2, 3, 5, 97, 157, 349
What are the prime factors of 821092247?
73, 151, 74489
What are the prime factors of 134373?
3, 47, 953
List the prime factors of 34007499.
3, 1259537
What are the prime factors of 33894057?
3, 163, 69313
List the prime factors of 170204457.
3, 61, 930079
List the prime factors of 1994000582.
2, 7, 142428613
List the prime factors of 4966579711.
4966579711
What are the prime factors of 5280704185?
5, 197, 5361121
List the prime factors of 287857412.
2, 283, 254291
List the prime factors of 65763416.
2, 29, 283463
What are the prime factors of 436907095?
5, 59, 1481041
List the prime factors of 283668392.
2, 7, 17, 297971
List the prime factors of 25375242.
2, 3, 4229207
What are the prime factors of 792071?
7, 113153
What are the prime factors of 503686088?
2, 62960761
List the prime factors of 257908686.
2, 3, 7, 1223, 5021
List the prime factors of 4385935737.
3, 19, 25648747
What are the prime factors of 1385978518?
2, 692989259
What are the prime factors of 93053245?
5, 18610649
List the prime factors of 5430065034.
2, 3, 103, 8786513
List the prime factors of 590852462.
2, 19, 15548749
List the prime factors of 428223612.
2, 3, 35685301
List the prime factors of 529323328.
2, 8270677
List the prime factors of 316780274.
2, 19, 71, 117413
List the prime factors of 128039104.
2, 17, 137, 859
What are the prime factors of 31646043?
3, 11, 13, 67, 367
List the prime factors of 45773193.
3, 157, 619
List the prime factors of 85085306.
2, 17, 19, 131711
What are the prime factors of 2226884838?
2, 3, 523, 709651
What are the prime factors of 367814620?
2, 5, 23, 293, 2729
List the prime factors of 120047914.
2, 7, 17, 504403
What are the prime factors of 3528822451?
7, 11, 359, 127657
List the prime factors of 21631588.
2, 11, 491627
What are the prime factors of 91730684?
2, 22932671
List the prime factors of 563762273.
661, 852893
List the prime factors of 130159805.
5, 2267, 11483
List the prime factors of 47510031.
3, 15836677
List the prime factors of 185259542.
2, 13, 193, 36919
What are the prime factors of 513609156?
2, 3, 2357, 6053
What are the prime factors of 332205512?
2, 61, 680749
What are the prime factors of 94498027?
13, 7269079
List the prime factors of 4920242038.
2, 2460121019
What are the prime factors of 398219611?
17, 23424683
What are the prime factors of 1069778088?
2, 3, 59, 251831
List the prime factors of 634623749.
53, 11974033
List the prime factors of 370292761.
71, 1999, 2609
List the prime factors of 169883824.
2, 11, 965249
List the prime factors of 45636192.
2, 3, 7, 22637
What are the prime factors of 100419249?
3, 7, 1181, 4049
List the prime factors of 20399209.
29, 31, 22691
List the prime factors of 5353675010.
2, 5, 43, 683, 18229
What are the prime factors of 1117200708?
2, 3, 13, 795727
What are the prime factors of 51321342?
2, 3, 97, 109, 809
List the prime factors of 24785867.
24785867
What are the prime factors of 45239786?
2, 293, 77201
What are the prime factors of 75975137?
7, 1550513
What are the prime factors of 6775851952?
2, 89, 4758323
What are the prime factors of 1328385808?
2, 83024113
What are the prime factors of 94373936?
2, 17, 346963
List the prime factors of 829207544.
2, 11, 67, 140639
List the prime factors of 105661699.
11, 13, 61, 12113
What are the prime factors of 57426769?
317, 181157
List the prime factors of 1797298443.
3, 571, 116579
List the prime factors of 149323749.
3, 37, 59, 151
What are the prime factors of 176257641?
3, 7, 2207, 3803
What are the prime factors of 323067968?
2, 5047937
List the prime factors of 2089957813.
23, 173, 525247
List the prime factors of 435762994.
2, 97, 2246201
What are the prime factors of 19804474?
2, 31, 319427
List the prime factors of 1323571189.
33203, 39863
What are the prime factors of 722682049?
722682049
List the prime factors of 27462514.
2, 17, 47513
List the prime factors of 22848661.
11, 2077151
What are the prime factors of 919574844?
2, 3, 19, 181, 22283
What are the prime factors of 398920736?
2, 113, 110321
What are the prime factors of 197088743?
61, 3230963
What are the prime factors of 2729415831?
3, 909805277
List the prime factors of 110856266.
2, 55428133
List the prime factors of 3780737616.
2, 3, 53, 1486139
What are the prime factors of 59738628?
2, 3, 4978219
What are the prime factors of 43084439?
173, 337, 739
What are the prime factors of 5609192879?
293, 19144003
What are the prime factors of 83615229?
3, 9290581
List the prime factors of 40446296.
2, 11, 461, 997
What are the prime factors of 40161363?
3, 11, 61, 71, 281
List the prime factors of 180417729.
3, 29, 107, 19381
List the prime factors of 70934684.
2, 73, 242927
List the prime factors of 2072514206.
2, 7, 148036729
What are the prime factors of 176039547?
3, 157, 373757
List the prime factors of 2787128.
2, 137, 2543
What are the prime factors of 12467010?
2, 3, 5, 415567
List the prime factors of 90243954.
2, 3, 577, 8689
What are the prime factors of 270816276?
2, 3, 73, 173, 1787
List the prime factors of 57233510.
2, 5, 19, 227, 1327
What are the prime factors of 363711377?
601, 605177
List the prime factors of 178908761.
53, 199, 16963
What are the prime factors of 34118207?
34118207
List the prime factors of 999001988.
2, 19, 181, 72623
What are the prime factors of 17110322?
2, 929, 9209
List the prime factors of 801485725.
5, 32059429
List the prime factors of 1162517009.
71, 2467, 6637
List the prime factors of 1444990614.
2, 3, 193, 1247833
What are the prime factors of 627122659?
53, 269, 43987
What are the prime factors of 42365847?
3, 47, 113, 2659
What are the prime factors of 2523179300?
2, 5, 73, 421, 821
What are the prime factors of 79064143?
43, 1103, 1667
List the prime factors of 763084789.
227, 3361607
List the prime factors of 126029258.
2, 63014629
What are the prime factors of 375509125?
5, 257, 11689
What are the prime factors of 45364912?
2, 2835307
What are the prime factors of 422975951?
1303, 324617
List the prime factors of 615933417.
3, 11, 18664649
List the prime factors of 2145361756.
2, 83, 241, 26813
List the prime factors of 302302246.
2, 97, 571, 2729
List the prime factors of 17585273.
1867, 9419
What are the prime factors of 883672972?
2, 7, 13, 23, 59, 1789
What are the prime factors of 40048430?
2, 5, 17, 37, 6367
List the prime factors of 41030157.
3, 7, 29, 89, 757
What are the prime factors of 86532460?
2, 5, 7, 19, 32531
What are the prime factors of 703791566?
2, 79, 4454377
List the prime factors of 24603789.
3, 7, 151, 7759
What are the prime factors of 946926945?
3, 5, 17, 1237813
What are the prime factors of 1173113406?
2, 3, 65172967
What are the prime factors of 1102981134?
2, 3, 1637, 112297
List the prime factors of 35858751.
3, 11952917
List the prime factors of 107686155.
3, 5, 7179077
List the prime factors of 390439382.
2, 12539, 15569
List the prime factors of 2279111377.
23, 89, 269, 4139
What are the prime factors of 433486464?
2, 3, 227, 4973
What are the prime factors of 199230256?
2, 59, 211049
List the prime factors of 1522284769.
19, 2011, 39841
What are the prime factors of 99335293?
99335293
What are the prime factors of 266946015?
3, 5, 7, 29, 3023
List the prime factors of 452366042.
2, 797, 283793
List the prime factors of 2253905172.
2, 3, 19, 29, 37, 83
List the prime factors of 4499365.
5, 13, 69221
What are the prime factors of 1124251556?
2, 281062889
List the prime factors of 4343071359.
3, 11, 37, 3556979
What are the prime factors of 614670415?
5, 53, 151, 15361
List the prime factors of 602098179.
3, 53, 3786781
List the prime factors of 50007581.
13, 43, 89459
What are the prime factors of 4707287884?
2, 13, 733, 123499
List the prime factors of 1700719001.
1987, 855923
List the prime factors of 66916924.
2, 83, 201557
List the prime factors of 834043289.
23417, 35617
List the prime factors of 192109366.
2, 96054683
List the prime factors of 1590501754.
2, 5323, 149399
List the prime factors of 3742744659.
3, 19, 3217, 20411
List the prime factors of 54462833.
54462833
What are the prime factors of 63034753?
41, 683, 2251
List the prime fact